{"id":2531,"date":"2026-04-07T11:13:53","date_gmt":"2026-04-07T09:13:53","guid":{"rendered":"https:\/\/c14paris.com\/?post_type=prix&#038;p=2531"},"modified":"2026-04-07T11:13:56","modified_gmt":"2026-04-07T09:13:56","slug":"galerie-vallois","status":"publish","type":"prix","link":"https:\/\/c14paris.com\/en\/prix\/galerie-vallois\/","title":{"rendered":"Vallois Gallery"},"content":{"rendered":"<style>.kb-row-layout-wrap.wp-block-kadence-rowlayout.kb-row-layout-id2531_b355f2-68{margin-top:0px;}.kb-row-layout-id2531_b355f2-68 > .kt-row-column-wrap{align-content:start;}:where(.kb-row-layout-id2531_b355f2-68 > .kt-row-column-wrap) > .wp-block-kadence-column{justify-content:start;}.kb-row-layout-id2531_b355f2-68 > .kt-row-column-wrap{column-gap:var(--global-kb-gap-md, 2rem);row-gap:var(--global-kb-gap-md, 2rem);max-width:var( --global-content-width, 1250px );padding-left:var(--global-content-edge-padding);padding-right:var(--global-content-edge-padding);padding-bottom:var(--global-kb-spacing-sm, 1.5rem);grid-template-columns:repeat(2, minmax(0, 1fr));}.kb-row-layout-id2531_b355f2-68 > .kt-row-layout-overlay{opacity:0.30;}@media all and (max-width: 1024px){.kb-row-layout-id2531_b355f2-68 > .kt-row-column-wrap{grid-template-columns:repeat(2, minmax(0, 1fr));}}@media all and (max-width: 767px){.kb-row-layout-id2531_b355f2-68 > .kt-row-column-wrap{grid-template-columns:minmax(0, 1fr);}}<\/style><div class=\"kb-row-layout-wrap kb-row-layout-id2531_b355f2-68 alignnone wp-block-kadence-rowlayout\"><div class=\"kt-row-column-wrap kt-has-2-columns kt-row-layout-equal kt-tab-layout-inherit kt-mobile-layout-row kt-row-valign-top kb-theme-content-width\">\n<style>.kadence-column2531_2bf1d4-e0 > .kt-inside-inner-col,.kadence-column2531_2bf1d4-e0 > .kt-inside-inner-col:before{border-top-left-radius:0px;border-top-right-radius:0px;border-bottom-right-radius:0px;border-bottom-left-radius:0px;}.kadence-column2531_2bf1d4-e0 > .kt-inside-inner-col{column-gap:var(--global-kb-gap-sm, 1rem);}.kadence-column2531_2bf1d4-e0 > .kt-inside-inner-col{flex-direction:column;}.kadence-column2531_2bf1d4-e0 > .kt-inside-inner-col > .aligncenter{width:100%;}.kadence-column2531_2bf1d4-e0 > .kt-inside-inner-col:before{opacity:0.3;}.kadence-column2531_2bf1d4-e0{position:relative;}@media all and (max-width: 1024px){.kadence-column2531_2bf1d4-e0 > .kt-inside-inner-col{flex-direction:column;justify-content:center;}}@media all and (max-width: 767px){.kadence-column2531_2bf1d4-e0 > .kt-inside-inner-col{flex-direction:column;justify-content:center;}}<\/style>\n<div class=\"wp-block-kadence-column kadence-column2531_2bf1d4-e0\"><div class=\"kt-inside-inner-col\">\n<p class=\"has-text-align-right has-theme-palette-1-color has-text-color has-link-color has-small-font-size wp-elements-71406b03634ca3783f7fc430254e7707\">Partner 2026<\/p>\n\n\n\n<p class=\"has-text-align-right\">Galerie Vallois Art Moderne et Contemporain was founded by Robert Vallois in 1983. Located in Paris, in the heart of Saint-Germain-des-Pr\u00e9s, it now has two spaces at 35 and 41 rue de Seine, in the immediate vicinity of the Art D\u00e9co gallery, founded in 1971 by Robert and Cheska Vallois, and managed by C\u00e9dric Destailleur and Camille Bloc respectively.<\/p>\n\n\n\n<p class=\"has-text-align-right\"><strong>Galerie Vallois Modern and Contemporary Art<\/strong><br>35 and 41 rue de Seine<br>75006 Paris, France<br><a href=\"https:\/\/www.galerierobertvallois.fr\/modernecontemporain\" target=\"_blank\" rel=\"noreferrer noopener\">galerierobertvallois.fr\/modernecontemporain<\/a><\/p>\n\n\n<style>.kb-image2531_619377-ae.kb-image-is-ratio-size, .kb-image2531_619377-ae .kb-image-is-ratio-size{max-width:200px;width:100%;}.wp-block-kadence-column > .kt-inside-inner-col > .kb-image2531_619377-ae.kb-image-is-ratio-size, .wp-block-kadence-column > .kt-inside-inner-col > .kb-image2531_619377-ae .kb-image-is-ratio-size{align-self:unset;}.kb-image2531_619377-ae figure{max-width:200px;}.kb-image2531_619377-ae .image-is-svg, .kb-image2531_619377-ae .image-is-svg img{width:100%;}.kb-image2531_619377-ae .kb-image-has-overlay:after{opacity:0.3;}<\/style>\n<div class=\"wp-block-kadence-image kb-image2531_619377-ae\"><figure class=\"alignright size-full\"><img loading=\"lazy\" decoding=\"async\" width=\"2048\" height=\"474\" src=\"https:\/\/c14paris.com\/wp-content\/uploads\/sites\/9\/2026\/03\/logo_vallois_classique-scaled.png\" alt=\"\" class=\"kb-img wp-image-2501\" srcset=\"https:\/\/c14paris.com\/wp-content\/uploads\/sites\/9\/2026\/03\/logo_vallois_classique-scaled.png 2048w, https:\/\/c14paris.com\/wp-content\/uploads\/sites\/9\/2026\/03\/logo_vallois_classique-300x69.png 300w, https:\/\/c14paris.com\/wp-content\/uploads\/sites\/9\/2026\/03\/logo_vallois_classique-1024x237.png 1024w, https:\/\/c14paris.com\/wp-content\/uploads\/sites\/9\/2026\/03\/logo_vallois_classique-768x178.png 768w, https:\/\/c14paris.com\/wp-content\/uploads\/sites\/9\/2026\/03\/logo_vallois_classique-1536x356.png 1536w, https:\/\/c14paris.com\/wp-content\/uploads\/sites\/9\/2026\/03\/logo_vallois_classique-18x4.png 18w, https:\/\/c14paris.com\/wp-content\/uploads\/sites\/9\/2026\/03\/logo_vallois_classique-1200x278.png 1200w\" sizes=\"auto, (max-width: 2048px) 100vw, 2048px\" \/><\/figure><\/div>\n<\/div><\/div>\n\n\n<style>.kadence-column2531_71453e-2e > .kt-inside-inner-col,.kadence-column2531_71453e-2e > .kt-inside-inner-col:before{border-top-left-radius:0px;border-top-right-radius:0px;border-bottom-right-radius:0px;border-bottom-left-radius:0px;}.kadence-column2531_71453e-2e > .kt-inside-inner-col{column-gap:var(--global-kb-gap-sm, 1rem);}.kadence-column2531_71453e-2e > .kt-inside-inner-col{flex-direction:column;}.kadence-column2531_71453e-2e > .kt-inside-inner-col > .aligncenter{width:100%;}.kadence-column2531_71453e-2e > .kt-inside-inner-col:before{opacity:0.3;}.kadence-column2531_71453e-2e{position:relative;}@media all and (max-width: 1024px){.kadence-column2531_71453e-2e > .kt-inside-inner-col{flex-direction:column;justify-content:center;}}@media all and (max-width: 767px){.kadence-column2531_71453e-2e > .kt-inside-inner-col{flex-direction:column;justify-content:center;}}<\/style>\n<div class=\"wp-block-kadence-column kadence-column2531_71453e-2e\"><div class=\"kt-inside-inner-col\"><style>.wp-block-kadence-spacer.kt-block-spacer-2531_5bae02-9d .kt-block-spacer{height:30px;}.wp-block-kadence-spacer.kt-block-spacer-2531_5bae02-9d .kt-divider{border-top-width:5px;height:1px;border-top-color:var(--global-palette3, #1A202C);width:50%;border-top-style:solid;}<\/style>\n<div class=\"wp-block-kadence-spacer aligncenter kt-block-spacer-2531_5bae02-9d is-style-default\"><div class=\"kt-block-spacer kt-block-spacer-halign-left\"><hr class=\"kt-divider\" \/><\/div><\/div>\n\n\n\n<p>Initially dedicated to modern and contemporary sculpture, the gallery has gradually broadened its scope to include other media. Today, it accompanies artists from a wide range of practices - painting, photography, sculpture - from international art scenes. This openness reflects a constant desire to explore a diversity of forms and sensibilities, while maintaining a high curatorial standard.<\/p>\n\n\n\n<p>Ceramics occupy a central place in the gallery's programming. The gallery promotes a number of artists for whom this medium is a privileged field of experimentation. These include Tania Antoshina (Russia), Philippe Brodzki (Belgium), Mark Brusse (Netherlands), Paloma Chang (Taiwan), Euloge Gl\u00e8l\u00e8 (Benin), Lee Hoffman (USA), King Houndekpinkou (France\/Benin), Yuri Kuper (Russia)...<\/p>\n\n\n\n<p>The focus on ceramics is a natural part of the gallery's history, the medium having already played a major role in the Art Deco period. However, this continuity is as much a matter of historical logic as of a genuine personal attachment, shared by Robert and Cheska Vallois and their gallery directors, to the expressive richness and ever-renewed modernity of ceramics.<\/p>\n\n\n<style>.kb-image2531_f31a72-73 .kb-image-has-overlay:after{opacity:0.3;}<\/style>\n<figure class=\"wp-block-kadence-image kb-image2531_f31a72-73 size-large\"><img loading=\"lazy\" decoding=\"async\" width=\"1024\" height=\"501\" src=\"https:\/\/c14paris.com\/wp-content\/uploads\/sites\/9\/2026\/04\/IMG_0115-1024x501.jpeg\" alt=\"\" class=\"kb-img wp-image-2533\" srcset=\"https:\/\/c14paris.com\/wp-content\/uploads\/sites\/9\/2026\/04\/IMG_0115-1024x501.jpeg 1024w, https:\/\/c14paris.com\/wp-content\/uploads\/sites\/9\/2026\/04\/IMG_0115-300x147.jpeg 300w, https:\/\/c14paris.com\/wp-content\/uploads\/sites\/9\/2026\/04\/IMG_0115-768x376.jpeg 768w, https:\/\/c14paris.com\/wp-content\/uploads\/sites\/9\/2026\/04\/IMG_0115-1536x751.jpeg 1536w, https:\/\/c14paris.com\/wp-content\/uploads\/sites\/9\/2026\/04\/IMG_0115-18x9.jpeg 18w, https:\/\/c14paris.com\/wp-content\/uploads\/sites\/9\/2026\/04\/IMG_0115-1200x587.jpeg 1200w, https:\/\/c14paris.com\/wp-content\/uploads\/sites\/9\/2026\/04\/IMG_0115.jpeg 2043w\" sizes=\"auto, (max-width: 1024px) 100vw, 1024px\" \/><\/figure>\n<\/div><\/div>\n\n<\/div><\/div>","protected":false},"excerpt":{"rendered":"<p>Partenaire 2026 La Galerie Vallois Art Moderne et Contemporain fut fond\u00e9e par Robert Vallois en 1983. Install\u00e9e \u00e0 Paris, au c\u0153ur de Saint-Germain-des-Pr\u00e9s, elle se d\u00e9ploie aujourd\u2019hui sur deux espaces situ\u00e9s aux 35 et 41 rue de Seine, \u00e0 proximit\u00e9 imm\u00e9diate de la galerie Art D\u00e9co, cr\u00e9\u00e9e en 1971 par Robert et Cheska Vallois, respectivement&#8230;<\/p>","protected":false},"featured_media":2533,"parent":0,"template":"","meta":{"_acf_changed":false,"_kad_blocks_custom_css":"","_kad_blocks_head_custom_js":"","_kad_blocks_body_custom_js":"","_kad_blocks_footer_custom_js":"","_kad_post_transparent":"","_kad_post_title":"","_kad_post_layout":"","_kad_post_sidebar_id":"","_kad_post_content_style":"","_kad_post_vertical_padding":"","_kad_post_feature":"","_kad_post_feature_position":"","_kad_post_header":false,"_kad_post_footer":false,"_kad_post_classname":"","footnotes":""},"tags":[33],"class_list":["post-2531","prix","type-prix","status-publish","has-post-thumbnail","hentry","tag-lieux"],"acf":[],"taxonomy_info":{"post_tag":[{"value":33,"label":"Lieux"}]},"featured_image_src_large":["https:\/\/c14paris.com\/wp-content\/uploads\/sites\/9\/2026\/04\/IMG_0115-1024x501.jpeg",1024,501,true],"author_info":[],"comment_info":"","_links":{"self":[{"href":"https:\/\/c14paris.com\/en\/wp-json\/wp\/v2\/prix\/2531","targetHints":{"allow":["GET"]}}],"collection":[{"href":"https:\/\/c14paris.com\/en\/wp-json\/wp\/v2\/prix"}],"about":[{"href":"https:\/\/c14paris.com\/en\/wp-json\/wp\/v2\/types\/prix"}],"version-history":[{"count":1,"href":"https:\/\/c14paris.com\/en\/wp-json\/wp\/v2\/prix\/2531\/revisions"}],"predecessor-version":[{"id":2534,"href":"https:\/\/c14paris.com\/en\/wp-json\/wp\/v2\/prix\/2531\/revisions\/2534"}],"wp:featuredmedia":[{"embeddable":true,"href":"https:\/\/c14paris.com\/en\/wp-json\/wp\/v2\/media\/2533"}],"wp:attachment":[{"href":"https:\/\/c14paris.com\/en\/wp-json\/wp\/v2\/media?parent=2531"}],"wp:term":[{"taxonomy":"post_tag","embeddable":true,"href":"https:\/\/c14paris.com\/en\/wp-json\/wp\/v2\/tags?post=2531"}],"curies":[{"name":"wp","href":"https:\/\/api.w.org\/{rel}","templated":true}]}}

<style>.kb-row-layout-wrap.wp-block-kadence-rowlayout.kb-row-layout-id2531_b355f2-68{margin-top:0px;}.kb-row-layout-id2531_b355f2-68 > .kt-row-column-wrap{align-content:start;}:where(.kb-row-layout-id2531_b355f2-68 > .kt-row-column-wrap) > .wp-block-kadence-column{justify-content:start;}.kb-row-layout-id2531_b355f2-68 > .kt-row-column-wrap{column-gap:var(--global-kb-gap-md, 2rem);row-gap:var(--global-kb-gap-md, 2rem);max-width:var( --global-content-width, 1250px );padding-left:var(--global-content-edge-padding);padding-right:var(--global-content-edge-padding);padding-bottom:var(--global-kb-spacing-sm, 1.5rem);grid-template-columns:repeat(2, minmax(0, 1fr));}.kb-row-layout-id2531_b355f2-68 > .kt-row-layout-overlay{opacity:0.30;}@media all and (max-width: 1024px){.kb-row-layout-id2531_b355f2-68 > .kt-row-column-wrap{grid-template-columns:repeat(2, minmax(0, 1fr));}}@media all and (max-width: 767px){.kb-row-layout-id2531_b355f2-68 > .kt-row-column-wrap{grid-template-columns:minmax(0, 1fr);}}</style><div class="kb-row-layout-wrap kb-row-layout-id2531_b355f2-68 alignnone wp-block-kadence-rowlayout"><div class="kt-row-column-wrap kt-has-2-columns kt-row-layout-equal kt-tab-layout-inherit kt-mobile-layout-row kt-row-valign-top kb-theme-content-width">
<style>.kadence-column2531_2bf1d4-e0 > .kt-inside-inner-col,.kadence-column2531_2bf1d4-e0 > .kt-inside-inner-col:before{border-top-left-radius:0px;border-top-right-radius:0px;border-bottom-right-radius:0px;border-bottom-left-radius:0px;}.kadence-column2531_2bf1d4-e0 > .kt-inside-inner-col{column-gap:var(--global-kb-gap-sm, 1rem);}.kadence-column2531_2bf1d4-e0 > .kt-inside-inner-col{flex-direction:column;}.kadence-column2531_2bf1d4-e0 > .kt-inside-inner-col > .aligncenter{width:100%;}.kadence-column2531_2bf1d4-e0 > .kt-inside-inner-col:before{opacity:0.3;}.kadence-column2531_2bf1d4-e0{position:relative;}@media all and (max-width: 1024px){.kadence-column2531_2bf1d4-e0 > .kt-inside-inner-col{flex-direction:column;justify-content:center;}}@media all and (max-width: 767px){.kadence-column2531_2bf1d4-e0 > .kt-inside-inner-col{flex-direction:column;justify-content:center;}}</style>
<div class="wp-block-kadence-column kadence-column2531_2bf1d4-e0"><div class="kt-inside-inner-col">
<p class="has-text-align-right has-theme-palette-1-color has-text-color has-link-color has-small-font-size wp-elements-71406b03634ca3783f7fc430254e7707">Partner 2026</p>



<p class="has-text-align-right">Galerie Vallois Art Moderne et Contemporain was founded by Robert Vallois in 1983. Located in Paris, in the heart of Saint-Germain-des-Prés, it now has two spaces at 35 and 41 rue de Seine, in the immediate vicinity of the Art Déco gallery, founded in 1971 by Robert and Cheska Vallois, and managed by Cédric Destailleur and Camille Bloc respectively.</p>



<p class="has-text-align-right"><strong>Galerie Vallois Modern and Contemporary Art</strong><br>35 and 41 rue de Seine<br>75006 Paris, France<br><a href="https://www.galerierobertvallois.fr/modernecontemporain" target="_blank" rel="noreferrer noopener">galerierobertvallois.fr/modernecontemporain</a></p>


<style>.kb-image2531_619377-ae.kb-image-is-ratio-size, .kb-image2531_619377-ae .kb-image-is-ratio-size{max-width:200px;width:100%;}.wp-block-kadence-column > .kt-inside-inner-col > .kb-image2531_619377-ae.kb-image-is-ratio-size, .wp-block-kadence-column > .kt-inside-inner-col > .kb-image2531_619377-ae .kb-image-is-ratio-size{align-self:unset;}.kb-image2531_619377-ae figure{max-width:200px;}.kb-image2531_619377-ae .image-is-svg, .kb-image2531_619377-ae .image-is-svg img{width:100%;}.kb-image2531_619377-ae .kb-image-has-overlay:after{opacity:0.3;}</style>
<div class="wp-block-kadence-image kb-image2531_619377-ae"><figure class="alignright size-full"><img loading="lazy" decoding="async" width="2048" height="474" src="https://c14paris.com/wp-content/uploads/sites/9/2026/03/logo_vallois_classique-scaled.png" alt="" class="kb-img wp-image-2501" srcset="https://c14paris.com/wp-content/uploads/sites/9/2026/03/logo_vallois_classique-scaled.png 2048w, https://c14paris.com/wp-content/uploads/sites/9/2026/03/logo_vallois_classique-300x69.png 300w, https://c14paris.com/wp-content/uploads/sites/9/2026/03/logo_vallois_classique-1024x237.png 1024w, https://c14paris.com/wp-content/uploads/sites/9/2026/03/logo_vallois_classique-768x178.png 768w, https://c14paris.com/wp-content/uploads/sites/9/2026/03/logo_vallois_classique-1536x356.png 1536w, https://c14paris.com/wp-content/uploads/sites/9/2026/03/logo_vallois_classique-18x4.png 18w, https://c14paris.com/wp-content/uploads/sites/9/2026/03/logo_vallois_classique-1200x278.png 1200w" sizes="auto, (max-width: 2048px) 100vw, 2048px" /></figure></div>
</div></div>


<style>.kadence-column2531_71453e-2e > .kt-inside-inner-col,.kadence-column2531_71453e-2e > .kt-inside-inner-col:before{border-top-left-radius:0px;border-top-right-radius:0px;border-bottom-right-radius:0px;border-bottom-left-radius:0px;}.kadence-column2531_71453e-2e > .kt-inside-inner-col{column-gap:var(--global-kb-gap-sm, 1rem);}.kadence-column2531_71453e-2e > .kt-inside-inner-col{flex-direction:column;}.kadence-column2531_71453e-2e > .kt-inside-inner-col > .aligncenter{width:100%;}.kadence-column2531_71453e-2e > .kt-inside-inner-col:before{opacity:0.3;}.kadence-column2531_71453e-2e{position:relative;}@media all and (max-width: 1024px){.kadence-column2531_71453e-2e > .kt-inside-inner-col{flex-direction:column;justify-content:center;}}@media all and (max-width: 767px){.kadence-column2531_71453e-2e > .kt-inside-inner-col{flex-direction:column;justify-content:center;}}</style>
<div class="wp-block-kadence-column kadence-column2531_71453e-2e"><div class="kt-inside-inner-col"><style>.wp-block-kadence-spacer.kt-block-spacer-2531_5bae02-9d .kt-block-spacer{height:30px;}.wp-block-kadence-spacer.kt-block-spacer-2531_5bae02-9d .kt-divider{border-top-width:5px;height:1px;border-top-color:var(--global-palette3, #1A202C);width:50%;border-top-style:solid;}</style>
<div class="wp-block-kadence-spacer aligncenter kt-block-spacer-2531_5bae02-9d is-style-default"><div class="kt-block-spacer kt-block-spacer-halign-left"><hr class="kt-divider" /></div></div>



<p>Initially dedicated to modern and contemporary sculpture, the gallery has gradually broadened its scope to include other media. Today, it accompanies artists from a wide range of practices - painting, photography, sculpture - from international art scenes. This openness reflects a constant desire to explore a diversity of forms and sensibilities, while maintaining a high curatorial standard.</p>



<p>Ceramics occupy a central place in the gallery's programming. The gallery promotes a number of artists for whom this medium is a privileged field of experimentation. These include Tania Antoshina (Russia), Philippe Brodzki (Belgium), Mark Brusse (Netherlands), Paloma Chang (Taiwan), Euloge Glèlè (Benin), Lee Hoffman (USA), King Houndekpinkou (France/Benin), Yuri Kuper (Russia)...</p>



<p>The focus on ceramics is a natural part of the gallery's history, the medium having already played a major role in the Art Deco period. However, this continuity is as much a matter of historical logic as of a genuine personal attachment, shared by Robert and Cheska Vallois and their gallery directors, to the expressive richness and ever-renewed modernity of ceramics.</p>


<style>.kb-image2531_f31a72-73 .kb-image-has-overlay:after{opacity:0.3;}</style>
<figure class="wp-block-kadence-image kb-image2531_f31a72-73 size-large"><img loading="lazy" decoding="async" width="1024" height="501" src="https://c14paris.com/wp-content/uploads/sites/9/2026/04/IMG_0115-1024x501.jpeg" alt="" class="kb-img wp-image-2533" srcset="https://c14paris.com/wp-content/uploads/sites/9/2026/04/IMG_0115-1024x501.jpeg 1024w, https://c14paris.com/wp-content/uploads/sites/9/2026/04/IMG_0115-300x147.jpeg 300w, https://c14paris.com/wp-content/uploads/sites/9/2026/04/IMG_0115-768x376.jpeg 768w, https://c14paris.com/wp-content/uploads/sites/9/2026/04/IMG_0115-1536x751.jpeg 1536w, https://c14paris.com/wp-content/uploads/sites/9/2026/04/IMG_0115-18x9.jpeg 18w, https://c14paris.com/wp-content/uploads/sites/9/2026/04/IMG_0115-1200x587.jpeg 1200w, https://c14paris.com/wp-content/uploads/sites/9/2026/04/IMG_0115.jpeg 2043w" sizes="auto, (max-width: 1024px) 100vw, 1024px" /></figure>
</div></div>

</div></div>

<p>Partenaire 2026 La Galerie Vallois Art Moderne et Contemporain fut fondée par Robert Vallois en 1983. Installée à Paris, au cœur de Saint-Germain-des-Prés, elle se déploie aujourd’hui sur deux espaces situés aux 35 et 41 rue de Seine, à proximité immédiate de la galerie Art Déco, créée en 1971 par Robert et Cheska Vallois, respectivement&#8230;</p>
