{"id":1202,"date":"2025-07-21T21:01:03","date_gmt":"2025-07-21T19:01:03","guid":{"rendered":"https:\/\/c14paris.com\/?post_type=membre&#038;p=1202"},"modified":"2025-07-21T21:01:04","modified_gmt":"2025-07-21T19:01:04","slug":"stephanie-le-follic-hadida","status":"publish","type":"membre","link":"https:\/\/c14paris.com\/en\/membre\/stephanie-le-follic-hadida\/","title":{"rendered":"St\u00e9phanie Le Follic-Hadida"},"content":{"rendered":"<style>.kb-row-layout-id1202_d93dc5-f8 > .kt-row-column-wrap{align-content:start;}:where(.kb-row-layout-id1202_d93dc5-f8 > .kt-row-column-wrap) > .wp-block-kadence-column{justify-content:start;}.kb-row-layout-id1202_d93dc5-f8 > .kt-row-column-wrap{column-gap:var(--global-kb-gap-md, 2rem);row-gap:var(--global-kb-gap-md, 2rem);padding-top:var(--global-kb-spacing-sm, 1.5rem);padding-bottom:var(--global-kb-spacing-sm, 1.5rem);grid-template-columns:minmax(0, 1fr);}.kb-row-layout-id1202_d93dc5-f8 > .kt-row-layout-overlay{opacity:0.30;}@media all and (max-width: 1024px){.kb-row-layout-id1202_d93dc5-f8 > .kt-row-column-wrap{grid-template-columns:minmax(0, 1fr);}}@media all and (max-width: 767px){.kb-row-layout-id1202_d93dc5-f8 > .kt-row-column-wrap{grid-template-columns:minmax(0, 1fr);}}<\/style><div class=\"kb-row-layout-wrap kb-row-layout-id1202_d93dc5-f8 alignnone wp-block-kadence-rowlayout\"><div class=\"kt-row-column-wrap kt-has-1-columns kt-row-layout-equal kt-tab-layout-inherit kt-mobile-layout-row kt-row-valign-top\">\n<style>.kadence-column1202_c7d13e-a5 > .kt-inside-inner-col,.kadence-column1202_c7d13e-a5 > .kt-inside-inner-col:before{border-top-left-radius:0px;border-top-right-radius:0px;border-bottom-right-radius:0px;border-bottom-left-radius:0px;}.kadence-column1202_c7d13e-a5 > .kt-inside-inner-col{column-gap:var(--global-kb-gap-sm, 1rem);}.kadence-column1202_c7d13e-a5 > .kt-inside-inner-col{flex-direction:column;}.kadence-column1202_c7d13e-a5 > .kt-inside-inner-col > .aligncenter{width:100%;}.kadence-column1202_c7d13e-a5 > .kt-inside-inner-col:before{opacity:0.3;}.kadence-column1202_c7d13e-a5{position:relative;}@media all and (max-width: 1024px){.kadence-column1202_c7d13e-a5 > .kt-inside-inner-col{flex-direction:column;justify-content:center;}}@media all and (max-width: 767px){.kadence-column1202_c7d13e-a5 > .kt-inside-inner-col{flex-direction:column;justify-content:center;}}<\/style>\n<div class=\"wp-block-kadence-column kadence-column1202_c7d13e-a5\"><div class=\"kt-inside-inner-col\">\n<h6 class=\"wp-block-heading\">Secretary<\/h6>\n\n\n\n<p>With a doctorate in art history (Paris I), she specializes in 19th- and 20th-century sculpture.<sup>e&nbsp;<\/sup>and contemporary ceramics, she is an author and exhibition curator (<em>Disturbances<\/em>Mus\u00e9e Fabre-AAF, Montpellier, 2012&nbsp;<em>Objectif Terre&nbsp;<\/em>and<em>&nbsp;Ditto<\/em>, 18<sup>\u00e8me<\/sup>&nbsp;and 19<sup>\u00e8me<\/sup>Biennales internationales de la C\u00e9ramique de Ch\u00e2teauroux, 2015 and 2017 \/&nbsp;<em>Gis\u00e8le Buthod-Gar\u00e7on, Simply the Earth<\/em>Keramis (BE), 2018 \/&nbsp;<em>Equivocal beauties<\/em>Fondation Bernardaud, Limoges, 2021 \/ scientific advisor for the exhibition&nbsp;<em>The Flames<\/em>Mus\u00e9e d'Art moderne de la ville de Paris, 2021). She is Vice-President of the Acad\u00e9mie Internationale de la C\u00e9ramique (AIC-IAC) and has represented the NGO at UNESCO since 2014. In January 2023, alongside Jean Girel, she signed a book entitled&nbsp;<em>Jean Carri\u00e8s in St Amand-en-Puisaye 1888-1894<\/em>published by the D\u00e9partement de la Ni\u00e8vre.<\/p>\n<\/div><\/div>\n\n<\/div><\/div>","protected":false},"excerpt":{"rendered":"<p>Secretary Holder of a PhD in art history (Paris I), she specializes in 19th- and 20th-century sculpture and contemporary ceramics. She is an author and exhibition curator. (Perturbations, Mus\u00e9e Fabre-AAF, Montpellier, 2012 Objectif Terre et Idem, 18th and 19th International Ceramics Biennials in Ch\u00e2teauroux, 2015 and 2017 \/\u00a0Gis\u00e8le Buthod-Gar\u00e7on, la Terre simplement, Keramis (BE), 2018 \/ Beaut\u00e9s \u00e9quivoques, Fondation Bernardaud, Limoges, etc.).<\/p>","protected":false},"featured_media":0,"template":"","meta":{"_acf_changed":false,"_kad_blocks_custom_css":"","_kad_blocks_head_custom_js":"","_kad_blocks_body_custom_js":"","_kad_blocks_footer_custom_js":"","_kad_post_transparent":"","_kad_post_title":"","_kad_post_layout":"","_kad_post_sidebar_id":"","_kad_post_content_style":"","_kad_post_vertical_padding":"","_kad_post_feature":"","_kad_post_feature_position":"","_kad_post_header":false,"_kad_post_footer":false,"_kad_post_classname":"","footnotes":""},"class_list":["post-1202","membre","type-membre","status-publish","hentry"],"acf":[],"taxonomy_info":[],"featured_image_src_large":false,"author_info":[],"comment_info":"","_links":{"self":[{"href":"https:\/\/c14paris.com\/en\/wp-json\/wp\/v2\/membre\/1202","targetHints":{"allow":["GET"]}}],"collection":[{"href":"https:\/\/c14paris.com\/en\/wp-json\/wp\/v2\/membre"}],"about":[{"href":"https:\/\/c14paris.com\/en\/wp-json\/wp\/v2\/types\/membre"}],"version-history":[{"count":0,"href":"https:\/\/c14paris.com\/en\/wp-json\/wp\/v2\/membre\/1202\/revisions"}],"wp:attachment":[{"href":"https:\/\/c14paris.com\/en\/wp-json\/wp\/v2\/media?parent=1202"}],"curies":[{"name":"wp","href":"https:\/\/api.w.org\/{rel}","templated":true}]}}

Stéphanie Le Follic-Hadida

<style>.kb-row-layout-id1202_d93dc5-f8 > .kt-row-column-wrap{align-content:start;}:where(.kb-row-layout-id1202_d93dc5-f8 > .kt-row-column-wrap) > .wp-block-kadence-column{justify-content:start;}.kb-row-layout-id1202_d93dc5-f8 > .kt-row-column-wrap{column-gap:var(--global-kb-gap-md, 2rem);row-gap:var(--global-kb-gap-md, 2rem);padding-top:var(--global-kb-spacing-sm, 1.5rem);padding-bottom:var(--global-kb-spacing-sm, 1.5rem);grid-template-columns:minmax(0, 1fr);}.kb-row-layout-id1202_d93dc5-f8 > .kt-row-layout-overlay{opacity:0.30;}@media all and (max-width: 1024px){.kb-row-layout-id1202_d93dc5-f8 > .kt-row-column-wrap{grid-template-columns:minmax(0, 1fr);}}@media all and (max-width: 767px){.kb-row-layout-id1202_d93dc5-f8 > .kt-row-column-wrap{grid-template-columns:minmax(0, 1fr);}}</style><div class="kb-row-layout-wrap kb-row-layout-id1202_d93dc5-f8 alignnone wp-block-kadence-rowlayout"><div class="kt-row-column-wrap kt-has-1-columns kt-row-layout-equal kt-tab-layout-inherit kt-mobile-layout-row kt-row-valign-top">
<style>.kadence-column1202_c7d13e-a5 > .kt-inside-inner-col,.kadence-column1202_c7d13e-a5 > .kt-inside-inner-col:before{border-top-left-radius:0px;border-top-right-radius:0px;border-bottom-right-radius:0px;border-bottom-left-radius:0px;}.kadence-column1202_c7d13e-a5 > .kt-inside-inner-col{column-gap:var(--global-kb-gap-sm, 1rem);}.kadence-column1202_c7d13e-a5 > .kt-inside-inner-col{flex-direction:column;}.kadence-column1202_c7d13e-a5 > .kt-inside-inner-col > .aligncenter{width:100%;}.kadence-column1202_c7d13e-a5 > .kt-inside-inner-col:before{opacity:0.3;}.kadence-column1202_c7d13e-a5{position:relative;}@media all and (max-width: 1024px){.kadence-column1202_c7d13e-a5 > .kt-inside-inner-col{flex-direction:column;justify-content:center;}}@media all and (max-width: 767px){.kadence-column1202_c7d13e-a5 > .kt-inside-inner-col{flex-direction:column;justify-content:center;}}</style>
<div class="wp-block-kadence-column kadence-column1202_c7d13e-a5"><div class="kt-inside-inner-col">
<h6 class="wp-block-heading">Secretary</h6>



<p>With a doctorate in art history (Paris I), she specializes in 19th- and 20th-century sculpture.<sup>e&nbsp;</sup>and contemporary ceramics, she is an author and exhibition curator (<em>Disturbances</em>Musée Fabre-AAF, Montpellier, 2012&nbsp;<em>Objectif Terre&nbsp;</em>and<em>&nbsp;Ditto</em>, 18<sup>ème</sup>&nbsp;and 19<sup>ème</sup>Biennales internationales de la Céramique de Châteauroux, 2015 and 2017 /&nbsp;<em>Gisèle Buthod-Garçon, Simply the Earth</em>Keramis (BE), 2018 /&nbsp;<em>Equivocal beauties</em>Fondation Bernardaud, Limoges, 2021 / scientific advisor for the exhibition&nbsp;<em>The Flames</em>Musée d'Art moderne de la ville de Paris, 2021). She is Vice-President of the Académie Internationale de la Céramique (AIC-IAC) and has represented the NGO at UNESCO since 2014. In January 2023, alongside Jean Girel, she signed a book entitled&nbsp;<em>Jean Carriès in St Amand-en-Puisaye 1888-1894</em>published by the Département de la Nièvre.</p>
</div></div>

</div></div>

<p>Secretary Holder of a PhD in art history (Paris I), she specializes in 19th- and 20th-century sculpture and contemporary ceramics. She is an author and exhibition curator. (Perturbations, Musée Fabre-AAF, Montpellier, 2012 Objectif Terre et Idem, 18th and 19th International Ceramics Biennials in Châteauroux, 2015 and 2017 / Gisèle Buthod-Garçon, la Terre simplement, Keramis (BE), 2018 / Beautés équivoques, Fondation Bernardaud, Limoges, etc.).</p>
